{"id":51,"date":"2020-06-28T14:30:45","date_gmt":"2020-06-28T14:30:45","guid":{"rendered":"http:\/\/hessen-paul.de\/?page_id=51"},"modified":"2025-12-26T14:03:49","modified_gmt":"2025-12-26T14:03:49","slug":"textil","status":"publish","type":"page","link":"https:\/\/hessen-paul.de\/?page_id=51","title":{"rendered":"Textilien"},"content":{"rendered":"<h6>Wahrer Stil zeigt sich nicht nur in dem, was wir tragen,<\/h6>\n<h6>sondern in der Art, wie wir es tragen.<\/h6>\n<p>Bei uns entdecken Sie zeitlose Eleganz aus aller Welt: Kuschelige Cashmere-Schals und -T\u00fccher, weiche Fuzawool-Pullover und feine Strickwaren, hochwertige Ledertaschen aus der Bull &amp; Hunt Kollektion, edle Lederhandschuhe aus Lammfell oder Kaninchen, warme M\u00fctzen aus nepalesischer und d\u00e4nischer Fuzawolle \u2013 und vieles mehr. Jedes St\u00fcck vereint Stil, Qualit\u00e4t und Tragekomfort und erz\u00e4hlt seine eigene Geschichte aus den sch\u00f6nsten Werkst\u00e4tten der Welt<\/p>\n<h4>Edle Handschuhkunst<\/h4>\n<p><img decoding=\"async\" width=\"768\" height=\"1024\" src=\"http:\/\/hessen-paul.de\/wp-content\/uploads\/2025\/11\/IMG_5724-768x1024.jpg\" alt=\"\" loading=\"lazy\" srcset=\"https:\/\/hessen-paul.de\/wp-content\/uploads\/2025\/11\/IMG_5724-768x1024.jpg 768w, https:\/\/hessen-paul.de\/wp-content\/uploads\/2025\/11\/IMG_5724-225x300.jpg 225w, https:\/\/hessen-paul.de\/wp-content\/uploads\/2025\/11\/IMG_5724-1152x1536.jpg 1152w, https:\/\/hessen-paul.de\/wp-content\/uploads\/2025\/11\/IMG_5724-1536x2048.jpg 1536w, https:\/\/hessen-paul.de\/wp-content\/uploads\/2025\/11\/IMG_5724-scaled.jpg 1920w\" sizes=\"(max-width: 768px) 100vw, 768px\"><br \/>\n<img decoding=\"async\" width=\"784\" height=\"1021\" src=\"http:\/\/hessen-paul.de\/wp-content\/uploads\/2025\/11\/IMG_5704-scaled-e1763725897260-786x1024.jpg\" alt=\"\" loading=\"lazy\" srcset=\"https:\/\/hessen-paul.de\/wp-content\/uploads\/2025\/11\/IMG_5704-scaled-e1763725897260-786x1024.jpg 786w, https:\/\/hessen-paul.de\/wp-content\/uploads\/2025\/11\/IMG_5704-scaled-e1763725897260-230x300.jpg 230w, https:\/\/hessen-paul.de\/wp-content\/uploads\/2025\/11\/IMG_5704-scaled-e1763725897260-768x1001.jpg 768w, https:\/\/hessen-paul.de\/wp-content\/uploads\/2025\/11\/IMG_5704-scaled-e1763725897260-1179x1536.jpg 1179w, https:\/\/hessen-paul.de\/wp-content\/uploads\/2025\/11\/IMG_5704-scaled-e1763725897260-1572x2048.jpg 1572w, https:\/\/hessen-paul.de\/wp-content\/uploads\/2025\/11\/IMG_5704-scaled-e1763725897260.jpg 1920w\" sizes=\"(max-width: 784px) 100vw, 784px\"><br \/>\n<img decoding=\"async\" width=\"768\" height=\"1024\" src=\"http:\/\/hessen-paul.de\/wp-content\/uploads\/2025\/11\/IMG_5753-768x1024.jpg\" alt=\"\" loading=\"lazy\" srcset=\"https:\/\/hessen-paul.de\/wp-content\/uploads\/2025\/11\/IMG_5753-768x1024.jpg 768w, https:\/\/hessen-paul.de\/wp-content\/uploads\/2025\/11\/IMG_5753-225x300.jpg 225w, https:\/\/hessen-paul.de\/wp-content\/uploads\/2025\/11\/IMG_5753-1152x1536.jpg 1152w, https:\/\/hessen-paul.de\/wp-content\/uploads\/2025\/11\/IMG_5753-1536x2048.jpg 1536w, https:\/\/hessen-paul.de\/wp-content\/uploads\/2025\/11\/IMG_5753-scaled.jpg 1920w\" sizes=\"(max-width: 768px) 100vw, 768px\"><\/p>\n<p>Eleganz, die man sp\u00fcrt \u2013 Handschuhe, die w\u00e4rmen und begeistern. \u2013 <b>hessen paul<\/b><\/p>\n<p>Ob aus weichem Kaninchenfell oder feinstem Lammleder, klassisch in Schwarz oder in modernen Farben \u2013 unsere Handschuhe verbinden edle Materialien mit zeitlosem Stil und angenehmem Tragekomfort. Dazu finden Sie bei <b>hessen<\/b> <b>paul<\/b> elegante Ledertaschen, entworfen von einem Frankfurter Designer-Ehepaar und liebevoll gefertigt in Zusammenarbeit mit netten indischen Familienbetrieben \u2013 auf umweltfreundliche Weise und selbstverst\u00e4ndlich ohne Quecksilber. \u2013 <b>hessen<\/b> <b>paul<\/b><\/p>\n<h4>Fuzawool \u2013 W\u00e4rme trifft auf Eleganz<\/h4>\n<p><img decoding=\"async\" width=\"656\" height=\"1024\" src=\"http:\/\/hessen-paul.de\/wp-content\/uploads\/2025\/11\/IMG_5563-2-scaled-e1763732295793-656x1024.jpeg\" alt=\"\" loading=\"lazy\" srcset=\"https:\/\/hessen-paul.de\/wp-content\/uploads\/2025\/11\/IMG_5563-2-scaled-e1763732295793-656x1024.jpeg 656w, https:\/\/hessen-paul.de\/wp-content\/uploads\/2025\/11\/IMG_5563-2-scaled-e1763732295793-192x300.jpeg 192w, https:\/\/hessen-paul.de\/wp-content\/uploads\/2025\/11\/IMG_5563-2-scaled-e1763732295793-768x1198.jpeg 768w, https:\/\/hessen-paul.de\/wp-content\/uploads\/2025\/11\/IMG_5563-2-scaled-e1763732295793-984x1536.jpeg 984w, https:\/\/hessen-paul.de\/wp-content\/uploads\/2025\/11\/IMG_5563-2-scaled-e1763732295793-1312x2048.jpeg 1312w, https:\/\/hessen-paul.de\/wp-content\/uploads\/2025\/11\/IMG_5563-2-scaled-e1763732295793.jpeg 1497w\" sizes=\"(max-width: 656px) 100vw, 656px\"><br \/>\n<img decoding=\"async\" width=\"784\" height=\"1024\" src=\"http:\/\/hessen-paul.de\/wp-content\/uploads\/2025\/11\/IMG_5575-2-784x1024.jpeg\" alt=\"\" loading=\"lazy\" srcset=\"https:\/\/hessen-paul.de\/wp-content\/uploads\/2025\/11\/IMG_5575-2-784x1024.jpeg 784w, https:\/\/hessen-paul.de\/wp-content\/uploads\/2025\/11\/IMG_5575-2-230x300.jpeg 230w, https:\/\/hessen-paul.de\/wp-content\/uploads\/2025\/11\/IMG_5575-2-768x1003.jpeg 768w, https:\/\/hessen-paul.de\/wp-content\/uploads\/2025\/11\/IMG_5575-2-1176x1536.jpeg 1176w, https:\/\/hessen-paul.de\/wp-content\/uploads\/2025\/11\/IMG_5575-2-1569x2048.jpeg 1569w, https:\/\/hessen-paul.de\/wp-content\/uploads\/2025\/11\/IMG_5575-2-scaled.jpeg 1961w\" sizes=\"(max-width: 784px) 100vw, 784px\"><\/p>\n<p>Merinowolle \u2013 Nat\u00fcrlich. Weich. Vielseitig. \u2013 bei <b>hessen<\/b> <b>paul<\/b><\/p>\n<p data-start=\"110\" data-end=\"159\">Unsere Pullover aus feiner Merinowolle f\u00fchlen sich angenehm weich auf der Haut an und bieten ein unvergleichliches Tragegef\u00fchl. Die atmungsaktiven Fasern regulieren die K\u00f6rpertemperatur, halten angenehm warm und leiten Feuchtigkeit zuverl\u00e4ssig ab \u2013 perfekt f\u00fcr Alltag, Freizeit oder Outdoor-Abenteuer.<\/p>\n<p>Dank ihrer nat\u00fcrlichen Elastizit\u00e4t passt sich Merinowolle jeder Bewegung an und bleibt formbest\u00e4ndig, w\u00e4hrend sie Ger\u00fcche auf nat\u00fcrliche Weise reduziert. Ein Pullover, der Komfort, Stil und Funktionalit\u00e4t in einem vereint \u2013 f\u00fcr Momente, in denen Sie sich rundum wohlf\u00fchlen m\u00f6chten..<\/p>\n<h4>Sanft auf der Haut, stark im Stil \u2013 Cashmere<\/h4>\n<p><img decoding=\"async\" width=\"652\" height=\"1024\" src=\"http:\/\/hessen-paul.de\/wp-content\/uploads\/2025\/11\/IMG_5762-652x1024.jpeg\" alt=\"\" loading=\"lazy\" srcset=\"https:\/\/hessen-paul.de\/wp-content\/uploads\/2025\/11\/IMG_5762-652x1024.jpeg 652w, https:\/\/hessen-paul.de\/wp-content\/uploads\/2025\/11\/IMG_5762-191x300.jpeg 191w, https:\/\/hessen-paul.de\/wp-content\/uploads\/2025\/11\/IMG_5762-768x1207.jpeg 768w, https:\/\/hessen-paul.de\/wp-content\/uploads\/2025\/11\/IMG_5762-978x1536.jpeg 978w, https:\/\/hessen-paul.de\/wp-content\/uploads\/2025\/11\/IMG_5762-1304x2048.jpeg 1304w, https:\/\/hessen-paul.de\/wp-content\/uploads\/2025\/11\/IMG_5762-scaled.jpeg 1630w\" sizes=\"(max-width: 652px) 100vw, 652px\"><br \/>\n<img decoding=\"async\" width=\"653\" height=\"1024\" src=\"http:\/\/hessen-paul.de\/wp-content\/uploads\/2025\/11\/IMG_5763-653x1024.jpeg\" alt=\"\" loading=\"lazy\" srcset=\"https:\/\/hessen-paul.de\/wp-content\/uploads\/2025\/11\/IMG_5763-653x1024.jpeg 653w, https:\/\/hessen-paul.de\/wp-content\/uploads\/2025\/11\/IMG_5763-191x300.jpeg 191w, https:\/\/hessen-paul.de\/wp-content\/uploads\/2025\/11\/IMG_5763-768x1204.jpeg 768w, https:\/\/hessen-paul.de\/wp-content\/uploads\/2025\/11\/IMG_5763-980x1536.jpeg 980w, https:\/\/hessen-paul.de\/wp-content\/uploads\/2025\/11\/IMG_5763-1307x2048.jpeg 1307w, https:\/\/hessen-paul.de\/wp-content\/uploads\/2025\/11\/IMG_5763-scaled.jpeg 1633w\" sizes=\"(max-width: 653px) 100vw, 653px\"><br \/>\n<img decoding=\"async\" width=\"768\" height=\"1186\" src=\"http:\/\/hessen-paul.de\/wp-content\/uploads\/2025\/11\/IMG_5764-1-768x1186.jpeg\" alt=\"\" loading=\"lazy\" srcset=\"https:\/\/hessen-paul.de\/wp-content\/uploads\/2025\/11\/IMG_5764-1-768x1186.jpeg 768w, https:\/\/hessen-paul.de\/wp-content\/uploads\/2025\/11\/IMG_5764-1-194x300.jpeg 194w, https:\/\/hessen-paul.de\/wp-content\/uploads\/2025\/11\/IMG_5764-1-663x1024.jpeg 663w, https:\/\/hessen-paul.de\/wp-content\/uploads\/2025\/11\/IMG_5764-1-994x1536.jpeg 994w, https:\/\/hessen-paul.de\/wp-content\/uploads\/2025\/11\/IMG_5764-1-1326x2048.jpeg 1326w, https:\/\/hessen-paul.de\/wp-content\/uploads\/2025\/11\/IMG_5764-1-scaled.jpeg 1657w\" sizes=\"(max-width: 768px) 100vw, 768px\"><\/p>\n<p>Feinste Cashmere-Schals \u2013 exklusiv bei <b>hessen<\/b> <b>paul<\/b><\/p>\n<p data-start=\"161\" data-end=\"526\">Cashmere geh\u00f6rt zu den kostbarsten Naturfasern der Welt \u2013 und das sp\u00fcrt man bei jedem Tragen. Die au\u00dfergew\u00f6hnlich feinen und weichen Fasern schmiegen sich zart an die Haut, ohne zu kratzen, und sorgen f\u00fcr ein luxuri\u00f6s leichtes Tragegef\u00fchl. Gleichzeitig w\u00e4rmt Cashmere auf nat\u00fcrliche Weise, ohne zu beschweren, und schafft damit perfekten Komfort in jeder Situation.<\/p>\n<p data-start=\"528\" data-end=\"757\">Unsere Cashmere-Modelle vereinen zeitlose Eleganz mit hochwertiger Verarbeitung. Jedes St\u00fcck steht f\u00fcr Stil, W\u00e4rme und unvergleichliche Weichheit \u2013 ein Begleiter, der sich nicht nur gut anf\u00fchlt, sondern auch jeden Look aufwertet.<\/p>\n<h4>Vielerlei Seident\u00fccher<\/h4>\n<p><img decoding=\"async\" width=\"784\" height=\"753\" src=\"http:\/\/hessen-paul.de\/wp-content\/uploads\/2025\/11\/IMG_5765-1024x983.jpeg\" alt=\"\" loading=\"lazy\" srcset=\"https:\/\/hessen-paul.de\/wp-content\/uploads\/2025\/11\/IMG_5765-1024x983.jpeg 1024w, https:\/\/hessen-paul.de\/wp-content\/uploads\/2025\/11\/IMG_5765-300x288.jpeg 300w, https:\/\/hessen-paul.de\/wp-content\/uploads\/2025\/11\/IMG_5765-768x737.jpeg 768w, https:\/\/hessen-paul.de\/wp-content\/uploads\/2025\/11\/IMG_5765-1536x1475.jpeg 1536w, https:\/\/hessen-paul.de\/wp-content\/uploads\/2025\/11\/IMG_5765-2048x1967.jpeg 2048w\" sizes=\"(max-width: 784px) 100vw, 784px\"><\/p>\n<p>Edle Seident\u00fccher in diversen Farben und Mustern \u2013 bei <b>hessen<\/b> <b>paul<\/b><\/p>\n<h4><font size=\"3\">Flie\u00dfende Sch\u00f6nheit \u2013 unsere Kimonos<\/font><\/h4>\n<p><img decoding=\"async\" width=\"537\" height=\"1024\" src=\"http:\/\/hessen-paul.de\/wp-content\/uploads\/2025\/11\/IMG_5776-1-537x1024.jpeg\" alt=\"\" loading=\"lazy\" srcset=\"https:\/\/hessen-paul.de\/wp-content\/uploads\/2025\/11\/IMG_5776-1-537x1024.jpeg 537w, https:\/\/hessen-paul.de\/wp-content\/uploads\/2025\/11\/IMG_5776-1-157x300.jpeg 157w, https:\/\/hessen-paul.de\/wp-content\/uploads\/2025\/11\/IMG_5776-1-768x1464.jpeg 768w, https:\/\/hessen-paul.de\/wp-content\/uploads\/2025\/11\/IMG_5776-1-806x1536.jpeg 806w, https:\/\/hessen-paul.de\/wp-content\/uploads\/2025\/11\/IMG_5776-1-1075x2048.jpeg 1075w, https:\/\/hessen-paul.de\/wp-content\/uploads\/2025\/11\/IMG_5776-1-scaled.jpeg 1343w\" sizes=\"(max-width: 537px) 100vw, 537px\"><br \/>\n<img decoding=\"async\" width=\"551\" height=\"1024\" src=\"http:\/\/hessen-paul.de\/wp-content\/uploads\/2025\/11\/IMG_5778-551x1024.jpeg\" alt=\"\" loading=\"lazy\" srcset=\"https:\/\/hessen-paul.de\/wp-content\/uploads\/2025\/11\/IMG_5778-551x1024.jpeg 551w, https:\/\/hessen-paul.de\/wp-content\/uploads\/2025\/11\/IMG_5778-161x300.jpeg 161w, https:\/\/hessen-paul.de\/wp-content\/uploads\/2025\/11\/IMG_5778-768x1428.jpeg 768w, https:\/\/hessen-paul.de\/wp-content\/uploads\/2025\/11\/IMG_5778-826x1536.jpeg 826w, https:\/\/hessen-paul.de\/wp-content\/uploads\/2025\/11\/IMG_5778-1101x2048.jpeg 1101w, https:\/\/hessen-paul.de\/wp-content\/uploads\/2025\/11\/IMG_5778-scaled.jpeg 1377w\" sizes=\"(max-width: 551px) 100vw, 551px\"><br \/>\n<img decoding=\"async\" width=\"768\" height=\"1443\" src=\"http:\/\/hessen-paul.de\/wp-content\/uploads\/2025\/11\/IMG_5779-1-768x1443.jpeg\" alt=\"\" loading=\"lazy\" srcset=\"https:\/\/hessen-paul.de\/wp-content\/uploads\/2025\/11\/IMG_5779-1-768x1443.jpeg 768w, https:\/\/hessen-paul.de\/wp-content\/uploads\/2025\/11\/IMG_5779-1-160x300.jpeg 160w, https:\/\/hessen-paul.de\/wp-content\/uploads\/2025\/11\/IMG_5779-1-545x1024.jpeg 545w, https:\/\/hessen-paul.de\/wp-content\/uploads\/2025\/11\/IMG_5779-1-817x1536.jpeg 817w, https:\/\/hessen-paul.de\/wp-content\/uploads\/2025\/11\/IMG_5779-1-1090x2048.jpeg 1090w, https:\/\/hessen-paul.de\/wp-content\/uploads\/2025\/11\/IMG_5779-1-scaled.jpeg 1362w\" sizes=\"(max-width: 768px) 100vw, 768px\"><\/p>\n<p>Bunte, leichte Kimonos bei <b>hessen<\/b> <b>paul<\/b><\/p>\n<p data-start=\"185\" data-end=\"582\">Unsere Kimonos stehen f\u00fcr flie\u00dfende Eleganz und das Gef\u00fchl von m\u00fcheloser Leichtigkeit. Die weichen, sanft fallenden Stoffe umspielen die Silhouette, ohne einzuengen, und verleihen jedem Outfit eine besondere, fast schwebende Note. Ob \u00fcber einem schlichten Alltagslook, als Hingucker am Strand oder als edles Statement-Piece am Abend \u2013 ein Kimono bringt Bewegung, Stil und Harmonie in jeden Moment.<\/p>\n<p data-start=\"584\" data-end=\"793\">Seine offene, luftige Form schenkt Freiheit, Komfort und eine nat\u00fcrliche Eleganz, die sich bei jedem Schritt zeigt. Ein Kleidungsst\u00fcck, das nicht nur sch\u00f6n aussieht, sondern sich auch wunderbar leicht anf\u00fchlt.<\/p>\n<h4>Wollh\u00fcte in Handarbeit \u2013 Qualit\u00e4t die man f\u00fchlt<\/h4>\n<p><img decoding=\"async\" width=\"784\" height=\"672\" src=\"http:\/\/hessen-paul.de\/wp-content\/uploads\/2025\/12\/IMG_6276-2-1024x878.jpeg\" alt=\"Roter Wullhut\" loading=\"lazy\" srcset=\"https:\/\/hessen-paul.de\/wp-content\/uploads\/2025\/12\/IMG_6276-2-1024x878.jpeg 1024w, https:\/\/hessen-paul.de\/wp-content\/uploads\/2025\/12\/IMG_6276-2-300x257.jpeg 300w, https:\/\/hessen-paul.de\/wp-content\/uploads\/2025\/12\/IMG_6276-2-768x659.jpeg 768w, https:\/\/hessen-paul.de\/wp-content\/uploads\/2025\/12\/IMG_6276-2-1536x1317.jpeg 1536w, https:\/\/hessen-paul.de\/wp-content\/uploads\/2025\/12\/IMG_6276-2-2048x1756.jpeg 2048w\" sizes=\"(max-width: 784px) 100vw, 784px\"><br \/>\n<img decoding=\"async\" width=\"784\" height=\"706\" src=\"http:\/\/hessen-paul.de\/wp-content\/uploads\/2025\/12\/IMG_6277-2-1024x922.jpeg\" alt=\"\" loading=\"lazy\" srcset=\"https:\/\/hessen-paul.de\/wp-content\/uploads\/2025\/12\/IMG_6277-2-1024x922.jpeg 1024w, https:\/\/hessen-paul.de\/wp-content\/uploads\/2025\/12\/IMG_6277-2-300x270.jpeg 300w, https:\/\/hessen-paul.de\/wp-content\/uploads\/2025\/12\/IMG_6277-2-768x691.jpeg 768w, https:\/\/hessen-paul.de\/wp-content\/uploads\/2025\/12\/IMG_6277-2-1536x1382.jpeg 1536w, https:\/\/hessen-paul.de\/wp-content\/uploads\/2025\/12\/IMG_6277-2-2048x1843.jpeg 2048w\" sizes=\"(max-width: 784px) 100vw, 784px\"><br \/>\n<img decoding=\"async\" width=\"784\" height=\"696\" src=\"http:\/\/hessen-paul.de\/wp-content\/uploads\/2025\/12\/IMG_6279-2-scaled-e1764689693772-1024x909.jpeg\" alt=\"beiger Wollhut\" loading=\"lazy\" srcset=\"https:\/\/hessen-paul.de\/wp-content\/uploads\/2025\/12\/IMG_6279-2-scaled-e1764689693772-1024x909.jpeg 1024w, https:\/\/hessen-paul.de\/wp-content\/uploads\/2025\/12\/IMG_6279-2-scaled-e1764689693772-300x266.jpeg 300w, https:\/\/hessen-paul.de\/wp-content\/uploads\/2025\/12\/IMG_6279-2-scaled-e1764689693772-768x682.jpeg 768w, https:\/\/hessen-paul.de\/wp-content\/uploads\/2025\/12\/IMG_6279-2-scaled-e1764689693772-1536x1363.jpeg 1536w, https:\/\/hessen-paul.de\/wp-content\/uploads\/2025\/12\/IMG_6279-2-scaled-e1764689693772-2048x1818.jpeg 2048w\" sizes=\"(max-width: 784px) 100vw, 784px\"><\/p>\n<p>Egal ob rot, gr\u00fcn oder creme \u2013 unsere Wollh\u00fcte setzen in jeder Farbe ein Statement. Aus hochwertiger, weicher Wolle gefertigt, halten sie zuverl\u00e4ssig warm und verleihen jedem Outfit eine besondere Note. Ob f\u00fcr den Alltag, den Spaziergang im Winter oder als stilvolles Accessoire: Unsere Wollh\u00fcte kombinieren Komfort, Qualit\u00e4t und zeitloses Design.<\/p>\n<h4>Ponchos, Blusen &amp; Strick \u2013 deine sch\u00f6nsten Lieblingsst\u00fccke<\/h4>\n<p><img decoding=\"async\" width=\"784\" height=\"851\" src=\"http:\/\/hessen-paul.de\/wp-content\/uploads\/2025\/12\/IMG_5787-943x1024.jpeg\" alt=\"\" loading=\"lazy\" srcset=\"https:\/\/hessen-paul.de\/wp-content\/uploads\/2025\/12\/IMG_5787-943x1024.jpeg 943w, https:\/\/hessen-paul.de\/wp-content\/uploads\/2025\/12\/IMG_5787-276x300.jpeg 276w, https:\/\/hessen-paul.de\/wp-content\/uploads\/2025\/12\/IMG_5787-768x834.jpeg 768w, https:\/\/hessen-paul.de\/wp-content\/uploads\/2025\/12\/IMG_5787-1414x1536.jpeg 1414w, https:\/\/hessen-paul.de\/wp-content\/uploads\/2025\/12\/IMG_5787-1885x2048.jpeg 1885w\" sizes=\"(max-width: 784px) 100vw, 784px\"><\/p>\n<p>Bei uns finden Sie alles, was Ihren Look komplett macht \u2013 von leichten Blusen \u00fcber warme Strickpullis bis hin zu gem\u00fctlichen Ponchos. Ob elegant, l\u00e4ssig oder kuschelig: Unsere Auswahl bietet f\u00fcr jeden Stil und jede Jahreszeit das passende Lieblingsst\u00fcck. Entdecken Sie Mode, die nicht nur gut aussieht, sondern sich auch gut anf\u00fchlt.<\/p>\n<h4>Kuschelige &amp; hochwertige Badem\u00e4ntel f\u00fcr pure Wohlf\u00fchlmomente<\/h4>\n<p><img decoding=\"async\" width=\"537\" height=\"1024\" src=\"http:\/\/hessen-paul.de\/wp-content\/uploads\/2025\/12\/IMG_5785-1-537x1024.jpeg\" alt=\"\" loading=\"lazy\" srcset=\"https:\/\/hessen-paul.de\/wp-content\/uploads\/2025\/12\/IMG_5785-1-537x1024.jpeg 537w, https:\/\/hessen-paul.de\/wp-content\/uploads\/2025\/12\/IMG_5785-1-157x300.jpeg 157w, https:\/\/hessen-paul.de\/wp-content\/uploads\/2025\/12\/IMG_5785-1-768x1465.jpeg 768w, https:\/\/hessen-paul.de\/wp-content\/uploads\/2025\/12\/IMG_5785-1-805x1536.jpeg 805w, https:\/\/hessen-paul.de\/wp-content\/uploads\/2025\/12\/IMG_5785-1-1074x2048.jpeg 1074w, https:\/\/hessen-paul.de\/wp-content\/uploads\/2025\/12\/IMG_5785-1-scaled.jpeg 1342w\" sizes=\"(max-width: 537px) 100vw, 537px\"><br \/>\n<img decoding=\"async\" width=\"539\" height=\"1024\" src=\"http:\/\/hessen-paul.de\/wp-content\/uploads\/2025\/12\/IMG_5786-2-539x1024.jpeg\" alt=\"\" loading=\"lazy\" srcset=\"https:\/\/hessen-paul.de\/wp-content\/uploads\/2025\/12\/IMG_5786-2-539x1024.jpeg 539w, https:\/\/hessen-paul.de\/wp-content\/uploads\/2025\/12\/IMG_5786-2-158x300.jpeg 158w, https:\/\/hessen-paul.de\/wp-content\/uploads\/2025\/12\/IMG_5786-2-768x1459.jpeg 768w, https:\/\/hessen-paul.de\/wp-content\/uploads\/2025\/12\/IMG_5786-2-809x1536.jpeg 809w, https:\/\/hessen-paul.de\/wp-content\/uploads\/2025\/12\/IMG_5786-2-1078x2048.jpeg 1078w, https:\/\/hessen-paul.de\/wp-content\/uploads\/2025\/12\/IMG_5786-2-scaled.jpeg 1348w\" sizes=\"(max-width: 539px) 100vw, 539px\"><br \/>\n<img decoding=\"async\" width=\"550\" height=\"1024\" src=\"http:\/\/hessen-paul.de\/wp-content\/uploads\/2025\/12\/IMG_5784-2-550x1024.jpeg\" alt=\"\" loading=\"lazy\" srcset=\"https:\/\/hessen-paul.de\/wp-content\/uploads\/2025\/12\/IMG_5784-2-550x1024.jpeg 550w, https:\/\/hessen-paul.de\/wp-content\/uploads\/2025\/12\/IMG_5784-2-161x300.jpeg 161w, https:\/\/hessen-paul.de\/wp-content\/uploads\/2025\/12\/IMG_5784-2-768x1430.jpeg 768w, https:\/\/hessen-paul.de\/wp-content\/uploads\/2025\/12\/IMG_5784-2-825x1536.jpeg 825w, https:\/\/hessen-paul.de\/wp-content\/uploads\/2025\/12\/IMG_5784-2-1100x2048.jpeg 1100w, https:\/\/hessen-paul.de\/wp-content\/uploads\/2025\/12\/IMG_5784-2-scaled.jpeg 1375w\" sizes=\"(max-width: 550px) 100vw, 550px\"><\/p>\n<p>Unsere Badem\u00e4ntel stehen f\u00fcr Qualit\u00e4t, Komfort und ein angenehm weiches Tragegef\u00fchl. Aus hochwertigen Materialien gefertigt, w\u00e4rmen sie zuverl\u00e4ssig und schenken dir nach dem Duschen, Baden oder Saunieren echte Entspannung. Ob flauschig, leicht oder besonders saugf\u00e4hig \u2013 bei uns findest du den perfekten Begleiter f\u00fcr gem\u00fctliche Stunden zu Hause.<\/p>\n<p style=\"text-align: center;\">Kommen Sie gerne bei uns vorbei und schauen Sie sich in Ruhe um. Unser Sortiment ver\u00e4ndert sich mit den Jahreszeiten \u2013 mal leicht und luftig, mal warm und kuschelig \u2013 und h\u00e4lt immer neue Lieblingsst\u00fccke f\u00fcr Sie bereit. Entdecken Sie unsere Vielfalt an Mode, Accessoires und Wohntextilien. Es wartet noch so viel mehr auf Sie!<\/p>\n<p>\t\t\t\t\t\t\t\t\t\t\t\t<img decoding=\"async\" width=\"205\" height=\"36\" src=\"http:\/\/hessen-paul.de\/wp-content\/uploads\/2020\/06\/cropped-Logo.png\" alt=\"\" loading=\"lazy\"><\/p>\n","protected":false},"excerpt":{"rendered":"<p>Wahrer Stil zeigt sich nicht nur in dem, was wir tragen, sondern in der Art, wie wir es tragen. Bei uns entdecken Sie zeitlose Eleganz aus aller Welt: Kuschelige Cashmere-Schals und -T\u00fccher, weiche Fuzawool-Pullover und feine Strickwaren, hochwertige Ledertaschen aus der Bull &amp; Hunt Kollektion, edle Lederhandschuhe aus Lammfell oder Kaninchen, warme M\u00fctzen aus nepalesischer&hellip;<\/p>\n","protected":false},"author":1,"featured_media":0,"parent":0,"menu_order":0,"comment_status":"closed","ping_status":"closed","template":"","meta":[],"_links":{"self":[{"href":"https:\/\/hessen-paul.de\/index.php?rest_route=\/wp\/v2\/pages\/51"}],"collection":[{"href":"https:\/\/hessen-paul.de\/index.php?rest_route=\/wp\/v2\/pages"}],"about":[{"href":"https:\/\/hessen-paul.de\/index.php?rest_route=\/wp\/v2\/types\/page"}],"author":[{"embeddable":true,"href":"https:\/\/hessen-paul.de\/index.php?rest_route=\/wp\/v2\/users\/1"}],"replies":[{"embeddable":true,"href":"https:\/\/hessen-paul.de\/index.php?rest_route=%2Fwp%2Fv2%2Fcomments&post=51"}],"version-history":[{"count":22,"href":"https:\/\/hessen-paul.de\/index.php?rest_route=\/wp\/v2\/pages\/51\/revisions"}],"predecessor-version":[{"id":898,"href":"https:\/\/hessen-paul.de\/index.php?rest_route=\/wp\/v2\/pages\/51\/revisions\/898"}],"wp:attachment":[{"href":"https:\/\/hessen-paul.de\/index.php?rest_route=%2Fwp%2Fv2%2Fmedia&parent=51"}],"curies":[{"name":"wp","href":"https:\/\/api.w.org\/{rel}","templated":true}]}}